896. Calculate x(10).
-144
Let h(s) = -24*s**3 - 2546*s**2 - 198*s + 1466. Calculate h(-106).
-18
Let a(o) = 271*o**2 + 65040*o + 7. Determine a(-240).
7
Let r(k) = k**2 - 112*k + 2004. Calculate r(29).
-403
Let k(m) = m**3 - 335*m**2 + 2222*m - 630594. Give k(334).
-2
Let p(a) = 19*a**2 - 1400*a - 73. Give p(74).
371
Let i(d) = 2347*d + 7036. What is i(-3)?
-5
Let t(f) = 2*f**2 + 4473*f + 44566. What is t(-10)?
36
Let k(s) = -55*s**3 + 19252*s**2 - 698*s - 644. Give k(350).
56
Let i(l) = l**3 + 2*l**2 - 82*l - 911. Calculate i(-11).
-1098
Let h(u) = 142243*u - 284481. What is h(2)?
5
Let t(v) = 196*v**2 - 24*v - 8. Calculate t(3).
1684
Let i(s) = 17*s**3 - 801*s**2 + 96*s - 100. What is i(47)?
-6
Let v(q) = 7*q**2 + 137*q + 3008. Determine v(0).
3008
Let b(p) = 666*p + 156975. Calculate b(-236).
-201
Let j(g) = 5*g**3 + 16*g**2 + 41*g - 54. What is j(1)?
8
Let q(a) = -7*a**2 + 1590*a - 6281. Determine q(4).
-33
Let k(y) = -43*y**2 - 244*y + 722. Give k(3).
-397
Let q(k) = 88*k**3 + 4311*k**2 - 57*k - 394. Calculate q(-49).
-2
Let r(n) = 5*n**2 - 1847*n + 21440. Give r(12).
-4
Let d(l) = 3*l**3 - 65*l**2 + 43*l - 56. Determine d(21).
-35
Let k(t) = 19*t**3 + 799*t**2 + 33*t - 374. Determine k(-42).
4
Let k(q) = -2*q**2 + 297*q + 1620. Give k(149).
1471
Let m(d) = 3*d**2 + 1053*d - 11699. Calculate m(11).
247
Let i(z) = 126*z + 8330. Give i(-62).
518
Let z(d) = -12*d**3 - 5*d**2 - 166*d - 331. Determine z(-2).
77
Let i(g) = -131*g - 17034. Calculate i(-134).
520
Let g(r) = 2171*r**2 - 544919*r - 488. Determine g(251).
14
Let u(b) = -b**3 + 96*b - 505. Calculate u(8).
-249
Let c(k) = k**3 - 116*k**2 - 1363*k - 3784. Calculate c(-5).
6
Let i(w) = 639*w**2 + 8261*w - 18. Give i(-13).
580
Let f(n) = n**2 + 41777*n + 250645. What is f(-6)?
19
Let o(s) = -5*s**2 + 1110*s - 47552. What is o(164)?
8
Let i(k) = 2*k**3 - 14*k**2 - 726*k + 8. Calculate i(-17).
-1522
Let y(a) = 1110589*a + 6663521. Determine y(-6).
-13
Let i(y) = -3*y**3 + 78*y**2 - 219*y + 286. What is i(23)?
10
Let m(y) = -61*y**2 - 785*y - 735. Give m(-1).
-11
Let u(w) = 1444*w - 170617. Determine u(118).
-225
Let p(z) = -z**2 - 85*z - 1486. What is p(-62)?
-60
Let x(h) = 18*h**2 - 2684*h - 129. Determine x(150).
2271
Let i(y) = 5*y**3 + 23*y**2 - 838*y - 52. Determine i(-17).
-3724
Let k(l) = 7640*l + 160293. Determine k(-21).
-147
Let x(u) = u**3 - 84*u**2 - 4164*u + 360085. Calculate x(70).
5
Let w(y) = 146*y - 3722. Give w(25).
-72
Let n(r) = 235*r - 16105. What is n(69)?
110
Let m(v) = -v**3 - v**2 + 252*v - 263. Give m(-17).
77
Let f(c) = -483*c + 39612. Give f(82).
6
Let w(t) = -16*t**3 - 2229*t**2 - 687*t + 871. Determine w(-139).
-241
Let v(a) = a**3 - 334*a**2 + 5060*a + 8911. Calculate v(318).
7
Let u(m) = 4*m**3 + 174*m**2 + 631*m + 1. What is u(-4)?
5
Let k(x) = 89*x + 18511. Calculate k(-205).
266
Let w(i) = 743*i**2 + 12*i - 6. Calculate w(-1).
725
Let t(y) = 6680*y + 39808. Determine t(-6).
-272
Let z(x) = -x**3 - 3*x**2 - 24*x + 231. Determine z(0).
231
Let z(j) = 8*j**2 + 19009*j - 19011. Give z(1).
6
Let t(g) = 3*g**3 + 2*g**2 + 687*g - 688. What is t(1)?
4
Let h(v) = 22*v**2 + 528*v + 7305. Give h(-18).
4929
Let s(y) = 11835*y - 781157. Calculate s(66).
-47
Let v(x) = 16626*x + 116366. Calculate v(-7).
-16
Let c(p) = -2831*p + 28352. Determine c(10).
42
Let i(d) = 104595*d + 1359758. Determine i(-13).
23
Let f(b) = b**3 - 7*b**2 + 18616*b + 74642. Calculate f(-4).
2
Let l(x) = x**3 - 111*x**2 - 112*x - 148. Calculate l(112).
-148
Let c(s) = s**2 + 411*s - 11879. Calculate c(27).
-53
Let b(n) = -577*n - 116058. Determine b(-202).
496
Let a(m) = m**2 + 110*m + 2194. What is a(-75)?
-431
Let k(v) = -13*v**2 + 206*v - 729. Give k(6).
39
Let l(i) = -413*i**2 + 13166*i + 1568. What is l(32)?
-32
Let j(b) = -3583*b + 10784. Give j(3).
35
Let n(u) = -u**3 - 21*u**2 + 658*u - 40. Give n(-38).
-496
Let m(f) = f**2 - 147*f - 9803. What is m(-49)?
-199
Let w(o) = -o**2 + 2479*o + 34898. Determine w(-14).
-4
Let w(m) = -119*m**2 + 559*m - 2261. Determine w(4).
-1929
Let g(y) = -33*y**3 + 166*y**2 + 22*y - 144. Calculate g(5).
-9
Let w(h) = 2*h**3 - 721*h**2 - 109375*h - 1149. Give w(-115).
1
Let r(k) = 10*k**3 + 57*k**2 + 38*k + 232. Calculate r(-6).
-104
Let f(q) = -q**3 + 45*q**2 - 468*q + 136. Calculate f(29).
20
Let x(v) = -1279*v**3 + 7*v**2 - 66*v + 58. Determine x(1).
-1280
Let b(q) = q**3 - 2*q**2 - 149*q + 1. Determine b(-11).
67
Let k(f) = f**3 + 128*f**2 + 1882*f - 45. What is k(-17)?
40
Let n(g) = 2*g**2 - 159*g - 951. Give n(-6).
75
Let z(r) = 4105*r + 2405531. What is z(-586)?
1
Let g(q) = -64674*q - 20760369. Calculate g(-321).
-15
Let l(n) = 3*n**3 + 24*n**2 + 355*n + 1914. What is l(-6)?
0
Let v(o) = -2*o**3 - 116*o**2 - 338*o - 442. Give v(-55).
-2
Let c(z) = z**2 - 1511*z - 164549. Determine c(-102).
-23
Let l(b) = -17*b - 1871. Calculate l(-67).
-732
Let g(q) = -2*q**3 - 13*q**2 + 4568*q - 22266. What is g(5)?
-1
Let q(o) = 21*o**3 - 12*o**2 - 9*o - 21. Give q(-5).
-2901
Let b(j) = 4*j**2 - 139*j - 2210. Give b(-17).
1309
Let i(l) = 10519*l - 2061726. Determine i(196).
-2
Let i(s) = 870*s - 6820. Determine i(8).
140
Let s(c) = -254*c - 3033. Determine s(-12).
15
Let y(n) = -435497*n - 30920282. Give y(-71).
5
Let y(q) = -3265*q - 35917. Give y(-11).
-2
Let p(r) = 70839*r + 850078. What is p(-12)?
10
Let y(k) = -4*k**3 + 48*k**2 - 57*k + 58. Determine y(1).
45
Let o(l) = 16*l**2 + 370*l - 13718. Determine o(-43).
-44
Let f(q) = -649*q**3 + 155118*q**2 - 1664*q - 2148. Determine f(239).
3
Let l(q) = 41*q**2 + 3651*q - 32. Determine l(-89).
-210
Let d(h) = 23*h**2 - 5849*h + 52435. Determine d(245).
5
Let l(p) = p**3 - 177*p**2 - 347*p - 1956. What is l(179)?
13
Let b(j) = j**3 - 508*j**2 + 5952*j - 484. What is b(496)?
-484
Let z(l) = 1065*l - 10483. Determine z(11).
1232
Let y(t) = -965*t + 64735. Give y(67).
80
Let k(o) = -o**3 + 83*o**2 + 2908*o + 6856. What is k(110)?
36
Let x(d) = -8*d**3 + 7*d**2 + 10*d + 38. Give x(5).
-737
Let m(h) = 14*h**3 - 39*h**2 + 31*h + 31. Determine m(-5).
-2849
Let o(d) = 127*d**2 - 101*d + 113. Give o(2).
419
Let o(s) = -120663*s - 1930604. Give o(-16).
4
Let q(i) = 2948*i - 5993. Determine q(2).
-97
Let l(n) = -n**2 + 548*n + 18019. Calculate l(-31).
70
Let a(i) = -i**2 - 103*i - 1767. What is a(-32)?
505
Let f(a) = -11766*a - 58805. Determine f(-5).
25
Let o(w) = -97*w - 10813. What is o(-125)?
1312
Let y(u) = -u**3 - 745*u**2 + 167601*u + 897. What is y(181)?
-8
Let y(k) = 2*k**3 + 9*k**2 - 38*k - 92. Determine y(-4).
76
Let k(h) = 3*h**3 + 529*h**2 - 9226*h - 130. Determine k(16).
-34
Let h(n) = -n**2 + 16*n + 244. What is h(-23)?
-653
Let m(k) = k**3 + 82*k**2 + 439*k - 1311. Calculate m(-76).
-19
Let v(a) = 2*a**3 - 793*a**2 - 392*a - 1904. Determine v(397).
81
Let a(f) = 5*f**2 + 9343*f + 27997. Determine a(-3).
13
Let n(k) = 3*k**3 - 77*k**2 + 190*k - 3455. Calculate n(25).
45
Let h(b) = b**3 - b**2 + 4670*b - 13972. Give h(3).
56
Let s(i) = i**3 - 89*i**2 + 307*i - 4223. Give s(86).
-9
Let b(g) = g**2 - 48*g - 1434. Give b(71).
199
Let w(y) = -7*y**2 - 39*y + 99. Determine w(9).
-819
Let s(h) = 223*h**2 + 41*h + 490. Calculate s(-6).
8272
Let i(x) = x**3 - 21*x**2 - 330*x + 6925. What is i(21)?
-5
Let z(f) = 1672*f - 122068. Give z(73).
-12
Let u(o) = -142*o + 11284. Give u(122).
-6040
Let u(y) = 4196*y + 54543. Give u(-13).
-5
Let q(s) = -s**3 + 439*s**2 + 7319*s - 17734. Give q(455).
11
Let r(g) = 3*g**3 - 2966*g**2 - 159062*g + 362. What is r(-51)?
5
Let o(i) = -i**3 - 20*i**2 + 1267*i - 69. What is o(27)?
-123
Let k(m) = 50*m**2 + 3751*m + 36. What is k(-75)?
-39
Let y(r) = 192*r - 20723. Determine y(109).
205
Let d(a) = 9*a**3 - 2350*a**2 - 9275*a - 197. Determine d(265).
-197
Let v(j) = j**2 + 154*j - 7857. What is v(40)?
-97
Let y(r) = -4182*r - 150670. Determine y(-36).
-118
Let j(k) = -446*k - 55249. Give j(-124).
55
Let p(n) = -n**2 + 3881*n + 188765. What is p(-48)?
173
Let p(k) = 2*k**2 + 1695*k - 139389. What is p(-923)?
-16
Let t(a) = 17*a**2 + 847*a - 1005. What is t(-51)?
15
Let r(k) = -67332*k - 1279330. Determine r(-19).
-22
Let q(n) = -30*n**2 + 6011*n - 95274. Calculate q(183).
69
Let f(h) = 1757*h**2 - 61516*h + 713. Determine f(35).
-22
Let f(u) = 2*u**2 - 77*u + 570. Determine f(28).
-18
Let